{"id":70182,"date":"2016-03-26T11:10:47","date_gmt":"2016-03-26T10:10:47","guid":{"rendered":"http:\/\/rudolf.net.pl\/kat\/?page_id=70182"},"modified":"2016-03-31T22:44:03","modified_gmt":"2016-03-31T20:44:03","slug":"gruzja-2016","status":"publish","type":"page","link":"https:\/\/rudolf.net.pl\/kat\/?page_id=70182","title":{"rendered":"Gruzja 2016"},"content":{"rendered":"<p><a href=\" https:\/\/rudolf.net.pl\/kat\/?page_id=70186\" rel=\"attachment wp-att-4549\"><img loading=\"lazy\" decoding=\"async\" class=\"alignright wp-image-4549\" src=\"https:\/\/rudolf.net.pl\/kat\/wp-content\/uploads\/2015\/03\/english_flag.jpg\" alt=\"english_flag\" width=\"50\" height=\"50\" srcset=\"https:\/\/rudolf.net.pl\/kat\/wp-content\/uploads\/2015\/03\/english_flag.jpg 400w, https:\/\/rudolf.net.pl\/kat\/wp-content\/uploads\/2015\/03\/english_flag-150x150.jpg 150w, https:\/\/rudolf.net.pl\/kat\/wp-content\/uploads\/2015\/03\/english_flag-300x300.jpg 300w\" sizes=\"auto, (max-width: 50px) 100vw, 50px\" \/><\/a><\/p>\n<p>&nbsp;<\/p>\n<p><a href=\"https:\/\/rudolf.net.pl\/kat\/wp-content\/uploads\/2016\/03\/Tbilisi_Georgia_\u2014_View_of_Tbilisi.jpg\" rel=\"attachment wp-att-70183\"><img loading=\"lazy\" decoding=\"async\" class=\"wp-image-70183 alignleft\" src=\"https:\/\/rudolf.net.pl\/kat\/wp-content\/uploads\/2016\/03\/Tbilisi_Georgia_\u2014_View_of_Tbilisi.jpg\" alt=\"Tbilisi,_Georgia_\u2014_View_of_Tbilisi\" width=\"200\" height=\"125\" \/><\/a>Radio Klub Beskidzki SP9KAT robi\u0105c krok na prz\u00f3d w stosunku do swojej ubieg\u0142orocznej wyprawy SX9PL na Kret\u0119 organizuje kolejn\u0105 wypraw\u0119, tym razem do Gruzji. W planie wyprawy opr\u00f3cz \u0142\u0105czno\u015bci \u201emasowych\u201d DX z radioamatorami z ca\u0142ego \u015bwiata przewidziane s\u0105 r\u00f3wnie\u017c kr\u00f3tkie pr\u00f3by radiowej \u0142\u0105czno\u015bci kryzysowej z kolegami, kt\u00f3rzy zostan\u0105 w Polsce. Terytorium Gruzji ze wzgl\u0119du na swoje naturalne zagro\u017cenia (cz\u0119ste powodzie, trz\u0119sienia ziemi etc.) wydaje si\u0119 by\u0107 odpowiednim miejscem do przeprowadzenia tego typu pr\u00f3b.<\/p>\n<p>Poza tym kr\u00f3tkofalowcy z SP9KAT chc\u0105 pokaza\u0107, \u017ce nie trzeba organizowa\u0107 kosztownych i odleg\u0142ych wypraw np. na wyspy Pacyfiku aby po prostu dobrze si\u0119 bawi\u0107.<\/p>\n<p>Wyprawa do Gruzji odb\u0119dzie si\u0119 w dniach od 21 do 28 kwietnia 2016 r. Do Tbilisi poleci 9-ciu kr\u00f3tkofalowc\u00f3w: SP9ONC, SQ9AC, SP9ETE, SP9NLT, SQ9OUK, SQ9IWS, SQ9IDL, SQ9ITA, SQ9ITL. Na miejscu do\u0142\u0105cz\u0105 kr\u00f3tkofalowcy z Gruzji m.in.: 4L2M.<\/p>\n<p>Stacja wyprawy b\u0119dzie pracowa\u0107 u\u017cywaj\u0105c znaku 4L9PL. Powy\u017cszy call sign jest przyznany specjalnie na t\u0105 okoliczno\u015b\u0107 przez Gruzi\u0144sk\u0105 Narodow\u0105 Komisj\u0119 Komunikacyjn\u0105 (GNNC). Stacja b\u0119dzie aktywna na pasmach KF od 3,5 do 28 MHz emisjami: CW, SSB, DIGI (na bie\u017c\u0105co b\u0119d\u0105 podawane informacje na DX Cluster\u2019ach o aktualnym QRG stacji).<\/p>\n<p>Sta\u0142ym QTH stacji b\u0119dzie stolica regionu Kachetii \u2013 Telavi (QTH loc. LN21RV). Wyprawa b\u0119dzie r\u00f3wnie\u017c aktywna z takich miejsc w terenie jak: Davit Gared\u017ca \u2013 zesp\u00f3\u0142 monastyr\u00f3w przy granicy z Azerbejd\u017canem , Park Narodowy Vashlovani, G\u00f3ry Gomborskie, czy miasteczko Sighnaghi.<\/p>\n<p>Do Gruzji wraz z uczestnikami wyprawy poleci spora ilo\u015b\u0107 sprz\u0119tu m.in.: cztery transceivery w tym jeden QRP, zasilanie akumulatorowe, elastyczne ogniwa fotowoltaiczne, anteny: Delta wg. MOPLK, Rybakov, Mini-Delta, Dipol na pasmo 80 metr\u00f3w oraz testowana antena mobilna typu Screwdriver wg. SP9RIG. Ograniczenia w ilo\u015bci sprz\u0119tu i jego wyb\u00f3r jest podyktowany limitami baga\u017cowymi oraz specyfik\u0105 QTH bazy w Gruzji.<\/p>\n<p>Warto podkre\u015bli\u0107, \u017ce jest to pierwsza tego typu inicjatywa polskich kr\u00f3tkofalowc\u00f3w po\u0142\u0105czenia wyprawy DX z przeprowadzeniem pr\u00f3b \u0142\u0105czno\u015bci kryzysowej. Wyjazd jest typem nisko-bud\u017cetowej Dxpedycji finansowanej z prywatnych \u015brodk\u00f3w kr\u00f3tkofalowc\u00f3w przy dofinansowaniu SP9KAT pokrywaj\u0105cym koszt druku kart QSL i promuj\u0105cych wypraw\u0119 koszulek.<\/p>\n<p>Jako ciekawostk\u0119 zamieszczamy skan naszej licencji:<\/p>\n<p><a href=\"https:\/\/rudolf.net.pl\/kat\/wp-content\/uploads\/2016\/03\/licencja_re.jpg\" rel=\"attachment wp-att-71300\"><img loading=\"lazy\" decoding=\"async\" class=\"size-full wp-image-71300 aligncenter\" src=\"https:\/\/rudolf.net.pl\/kat\/wp-content\/uploads\/2016\/03\/licencja_re.jpg\" alt=\"licencja_re\" width=\"1453\" height=\"2000\" srcset=\"https:\/\/rudolf.net.pl\/kat\/wp-content\/uploads\/2016\/03\/licencja_re.jpg 1453w, https:\/\/rudolf.net.pl\/kat\/wp-content\/uploads\/2016\/03\/licencja_re-218x300.jpg 218w, https:\/\/rudolf.net.pl\/kat\/wp-content\/uploads\/2016\/03\/licencja_re-768x1057.jpg 768w, https:\/\/rudolf.net.pl\/kat\/wp-content\/uploads\/2016\/03\/licencja_re-744x1024.jpg 744w\" sizes=\"auto, (max-width: 1453px) 100vw, 1453px\" \/><\/a><\/p>\n<p>&nbsp;<\/p>\n<p>Informacj\u0119 przekaza\u0142 Darek SP9ETE<\/p>\n<p>Partnerzy wyprawy:<\/p>\n<p><a href=\"http:\/\/www.sp1bks.pl\/\" rel=\"attachment wp-att-70245\"><img loading=\"lazy\" decoding=\"async\" class=\"aligncenter wp-image-70245 size-full\" src=\"https:\/\/rudolf.net.pl\/kat\/wp-content\/uploads\/2016\/03\/BKS_mini1i.jpg\" alt=\"BKS_mini1i\" width=\"340\" height=\"94\" srcset=\"https:\/\/rudolf.net.pl\/kat\/wp-content\/uploads\/2016\/03\/BKS_mini1i.jpg 340w, https:\/\/rudolf.net.pl\/kat\/wp-content\/uploads\/2016\/03\/BKS_mini1i-300x83.jpg 300w\" sizes=\"auto, (max-width: 340px) 100vw, 340px\" \/><\/a> <a href=\"http:\/\/qsl.amtak.eu\/\" rel=\"attachment wp-att-70246\"><img loading=\"lazy\" decoding=\"async\" class=\"aligncenter wp-image-70246 size-full\" src=\"https:\/\/rudolf.net.pl\/kat\/wp-content\/uploads\/2016\/03\/qsl_90zl_468x60.jpg\" alt=\"qsl_90zl_468x60\" width=\"468\" height=\"60\" srcset=\"https:\/\/rudolf.net.pl\/kat\/wp-content\/uploads\/2016\/03\/qsl_90zl_468x60.jpg 468w, https:\/\/rudolf.net.pl\/kat\/wp-content\/uploads\/2016\/03\/qsl_90zl_468x60-300x38.jpg 300w\" sizes=\"auto, (max-width: 468px) 100vw, 468px\" \/><\/a> <a href=\"https:\/\/www.qrz.com\/db\/sp9rig\" rel=\"attachment wp-att-70247\"><img loading=\"lazy\" decoding=\"async\" class=\"aligncenter wp-image-70247 size-full\" src=\"https:\/\/rudolf.net.pl\/kat\/wp-content\/uploads\/2016\/03\/rig-9.jpg\" alt=\"rig-9\" width=\"340\" height=\"94\" srcset=\"https:\/\/rudolf.net.pl\/kat\/wp-content\/uploads\/2016\/03\/rig-9.jpg 340w, https:\/\/rudolf.net.pl\/kat\/wp-content\/uploads\/2016\/03\/rig-9-300x83.jpg 300w\" sizes=\"auto, (max-width: 340px) 100vw, 340px\" \/><\/a><\/p>\n","protected":false},"excerpt":{"rendered":"<p>&nbsp; Radio Klub Beskidzki SP9KAT robi\u0105c krok na prz\u00f3d w stosunku do swojej ubieg\u0142orocznej wyprawy SX9PL na Kret\u0119 organizuje kolejn\u0105 wypraw\u0119, tym razem do Gruzji. W planie wyprawy opr\u00f3cz \u0142\u0105czno\u015bci \u201emasowych\u201d DX z radioamatorami z ca\u0142ego \u015bwiata przewidziane s\u0105 r\u00f3wnie\u017c &hellip; <a href=\"https:\/\/rudolf.net.pl\/kat\/?page_id=70182\">Czytaj dalej <span class=\"meta-nav\">&rarr;<\/span><\/a><\/p>\n","protected":false},"author":2,"featured_media":0,"parent":0,"menu_order":0,"comment_status":"closed","ping_status":"closed","template":"","meta":{"ngg_post_thumbnail":0,"_mc_calendar":[],"footnotes":""},"class_list":["post-70182","page","type-page","status-publish","hentry"],"_links":{"self":[{"href":"https:\/\/rudolf.net.pl\/kat\/index.php?rest_route=\/wp\/v2\/pages\/70182","targetHints":{"allow":["GET"]}}],"collection":[{"href":"https:\/\/rudolf.net.pl\/kat\/index.php?rest_route=\/wp\/v2\/pages"}],"about":[{"href":"https:\/\/rudolf.net.pl\/kat\/index.php?rest_route=\/wp\/v2\/types\/page"}],"author":[{"embeddable":true,"href":"https:\/\/rudolf.net.pl\/kat\/index.php?rest_route=\/wp\/v2\/users\/2"}],"replies":[{"embeddable":true,"href":"https:\/\/rudolf.net.pl\/kat\/index.php?rest_route=%2Fwp%2Fv2%2Fcomments&post=70182"}],"version-history":[{"count":6,"href":"https:\/\/rudolf.net.pl\/kat\/index.php?rest_route=\/wp\/v2\/pages\/70182\/revisions"}],"predecessor-version":[{"id":71301,"href":"https:\/\/rudolf.net.pl\/kat\/index.php?rest_route=\/wp\/v2\/pages\/70182\/revisions\/71301"}],"wp:attachment":[{"href":"https:\/\/rudolf.net.pl\/kat\/index.php?rest_route=%2Fwp%2Fv2%2Fmedia&parent=70182"}],"curies":[{"name":"wp","href":"https:\/\/api.w.org\/{rel}","templated":true}]}}