{"id":5095,"date":"2015-03-19T22:03:11","date_gmt":"2015-03-19T21:03:11","guid":{"rendered":"http:\/\/rudolf.net.pl\/kat\/?page_id=5095"},"modified":"2015-03-21T22:16:06","modified_gmt":"2015-03-21T21:16:06","slug":"kreta-2015-2","status":"publish","type":"page","link":"https:\/\/rudolf.net.pl\/kat\/?page_id=5095","title":{"rendered":"Kreta 2015"},"content":{"rendered":"<p><a href=\"https:\/\/rudolf.net.pl\/kat\/?page_id=5092\"><img loading=\"lazy\" decoding=\"async\" class=\"  alignright wp-image-4549\" src=\"https:\/\/rudolf.net.pl\/kat\/wp-content\/uploads\/2015\/03\/english_flag.jpg\" alt=\"english_flag\" width=\"50\" height=\"50\" srcset=\"https:\/\/rudolf.net.pl\/kat\/wp-content\/uploads\/2015\/03\/english_flag.jpg 400w, https:\/\/rudolf.net.pl\/kat\/wp-content\/uploads\/2015\/03\/english_flag-150x150.jpg 150w, https:\/\/rudolf.net.pl\/kat\/wp-content\/uploads\/2015\/03\/english_flag-300x300.jpg 300w\" sizes=\"auto, (max-width: 50px) 100vw, 50px\" \/><\/a><\/p>\n<p>&nbsp;<\/p>\n<p>&nbsp;<\/p>\n<p><strong><img decoding=\"async\" src=\"http:\/\/images67.fotosik.pl\/648\/d8777f3694fcd583.jpg\" alt=\"\" \/><\/strong><\/p>\n<div class=\"moz-text-html\" lang=\"x-unicode\">\n<div dir=\"ltr\">\n<p><strong>My &#8211; radioamatorzy z powiatu bielskiego jako cz\u0142onkowie klub\u00f3w\u00a0<a href=\"https:\/\/rudolf.net.pl\/kat\/\">SP9KAT <\/a>oraz\u00a0<a href=\"https:\/\/rudolf.net.pl\/kat\/%20http:\/radio.kozy.pl\">SP9KOZ<\/a> dzi\u0119ki nieocenionej pomocy naszych greckich koleg\u00f3w SV9IOQ, SV9AHZ b\u0119dziemy QRV (CW i SSB na pasmach KF) z Krety pod znakiem SX9PL w dniach 18-24 kwietnia 2015r. W planie wyprawy aktywacje obszar\u00f3w flory i fauny oraz latarni morskich na Krecie (praca QRP m.in. z G\u00f3r Bia\u0142ych, oraz pla\u017c nad Morzem Libijskim). Ze wzgl\u0119du na ograniczenia baga\u017cowe oraz niski bud\u017cet ekspedycji mo\u017cemy zabra\u0107 ze sob\u0105 tylko podstawowe anteny. Jest to nasza pierwsza ekspedycja, a cz\u0119\u015b\u0107 z nas b\u0119dzie pracowa\u0142a pierwszy raz jako operatorzy Dxpedycji \u2013 prosimy zatem o wyrozumia\u0142o\u015b\u0107.<\/strong><\/p>\n<p><strong>G\u0142\u00f3wnym celem ekspedycji jest pomoc fundacji \u201e<a href=\"https:\/\/rudolf.net.pl\/kat\/%20http:\/razemdladziecibielsko.org.pl\">Razem dla dzieci<\/a>\u201d wspieraj\u0105cej bielski szpital pediatryczny. Podczas pobytu na Krecie zamierzamy nawi\u0105za\u0107 wiele \u0142\u0105czno\u015bci propaguj\u0105c ide\u0119 \u2013 Ty r\u00f3wnie\u017c mo\u017cesz pom\u00f3c \u2013 wystarczy dokona\u0107 wp\u0142aty na konto fundacji za pomoc\u0105 przycisku poni\u017cej (z dopiskiem \u2013 \u201eKreta 2015\u201d &#8211; tak aby by\u0142o wiadomo, \u017ce pomoc pochodzi z naszej akcji). Gor\u0105co zach\u0119camy wszystkich do pomocy.<\/strong><\/p>\n<div style=\"width: 220px; margin: 10px auto 0; padding: 0;\">\n<form action=\"https:\/\/www.paypal.com\/cgi-bin\/webscr\" method=\"post\" target=\"_top\"><input name=\"cmd\" type=\"hidden\" value=\"_s-xclick\" \/><br \/>\n<input name=\"hosted_button_id\" type=\"hidden\" value=\"LPAPX9Y7JRDJ4\" \/><br \/>\n<input alt=\"PayPal \u2014 P\u0142a\u0107 wygodnie i bezpiecznie\" name=\"submit\" src=\"https:\/\/www.paypalobjects.com\/pl_PL\/PL\/i\/btn\/btn_donateCC_LG.gif\" type=\"image\" \/><br \/>\n<img loading=\"lazy\" decoding=\"async\" src=\"https:\/\/www.paypalobjects.com\/pl_PL\/i\/scr\/pixel.gif\" alt=\"\" width=\"1\" height=\"1\" border=\"0\" \/><\/form>\n<\/div>\n<h4><\/h4>\n<p><a href=\"http:\/\/www.razemdladziecibielsko.org.pl\/\" target=\"_blank\"><img decoding=\"async\" src=\"http:\/\/www.szpitalpediatryczny.pl\/images\/logo.png\" alt=\"\" \/><\/a><\/p>\n<p><span id=\"result_box\" class=\"\" lang=\"pl\"><span class=\"\">Szpital Pediatryczny w Bielsku-Bia\u0142ej jest jedyn\u0105 instytucj\u0105 w naszym regionie, kt\u00f3ra kompleksowo\u00a0 leczy dzieci. Szpital ma wspania\u0142y\u00a0 i profesjonalnie\u00a0 przeszkolony personel. Jednak, ze wzgl\u0119du na trudn\u0105 sytuacj\u0119 finansow\u0105 krajowej s\u0142u\u017cby zdrowia Szpital Pediatryczny w Bielsku-Bia\u0142ej potrzebuje wsparcia.<br \/>\nFundacja \u201eRazem dla dzieci\u201d zosta\u0142a za\u0142o\u017cona w styczniu 2014 roku i od tego czasu charytatywnie pomaga doposa\u017cy\u0107 szpital w nowoczesny sprz\u0119t medyczny, kt\u00f3ry poprawia jako\u015b\u0107 \u015bwiadczonych us\u0142ug, tak aby chore dzieci wraz z rodzicami mog\u0142y przebywa\u0107 w szpitalu w komfortowych i przyjaznych warunkach.<\/span><\/span><\/p>\n<h4><em><strong>vy 73&#8217;s de SX9PL DXpedition team<\/strong><\/em><\/h4>\n<h4><\/h4>\n<p>&nbsp;<\/p>\n<p><strong>Dane do przelewu<\/strong><strong>:<\/strong><\/p>\n<p><strong>Fundacja &#8222;Razem dla dzieci&#8221;<\/strong><br \/>\n<strong>Bank Polskiej Sp\u00f3\u0142dzielczo\u015bci S.A. w Bielsku-Bia\u0142ej ul. S. Sempo\u0142owskiej 21,<\/strong><br \/>\n<strong>Nr konta: 86 1930 1770 2130 0119 9125 0001<\/strong><\/p>\n<h4><strong>PayPal<\/strong><\/h4>\n<div style=\"width: 220px; margin: 10px auto 0; padding: 0;\">\n<form action=\"https:\/\/www.paypal.com\/cgi-bin\/webscr\" method=\"post\" target=\"_top\"><input name=\"cmd\" type=\"hidden\" value=\"_s-xclick\" \/><br \/>\n<input name=\"hosted_button_id\" type=\"hidden\" value=\"LPAPX9Y7JRDJ4\" \/><br \/>\n<input alt=\"PayPal \u2014 P\u0142a\u0107 wygodnie i bezpiecznie\" name=\"submit\" src=\"https:\/\/www.paypalobjects.com\/pl_PL\/PL\/i\/btn\/btn_donateCC_LG.gif\" type=\"image\" \/><br \/>\n<img loading=\"lazy\" decoding=\"async\" src=\"https:\/\/www.paypalobjects.com\/pl_PL\/i\/scr\/pixel.gif\" alt=\"\" width=\"1\" height=\"1\" border=\"0\" \/><\/form>\n<\/div>\n<p><strong><strong>Przyjaciele wyprawy:<\/strong><\/strong><\/p>\n<p><strong><a href=\"https:\/\/www.generali.pl\" target=\"_blank\"><img decoding=\"async\" src=\"http:\/\/images66.fotosik.pl\/642\/80082f84331b7f0c.jpg\" alt=\"\" \/><\/a>\u00a0\u00a0<a href=\"http:\/\/antenykf.com\/\" target=\"_blank\"><img decoding=\"async\" src=\"http:\/\/images67.fotosik.pl\/644\/87e67e4bb6aa330fgen.jpg\" alt=\"\" \/><\/a><\/strong><\/p>\n<p><strong><a href=\"http:\/\/parking.auto.pl\/\" target=\"_blank\"><img decoding=\"async\" src=\"http:\/\/images66.fotosik.pl\/678\/5ce5e01088226d35.jpg\" alt=\"\" \/><\/a><\/strong><\/p>\n<\/div>\n<\/div>\n","protected":false},"excerpt":{"rendered":"<p>&nbsp; &nbsp; My &#8211; radioamatorzy z powiatu bielskiego jako cz\u0142onkowie klub\u00f3w\u00a0SP9KAT oraz\u00a0SP9KOZ dzi\u0119ki nieocenionej pomocy naszych greckich koleg\u00f3w SV9IOQ, SV9AHZ b\u0119dziemy QRV (CW i SSB na pasmach KF) z Krety pod znakiem SX9PL w dniach 18-24 kwietnia 2015r. W planie &hellip; <a href=\"https:\/\/rudolf.net.pl\/kat\/?page_id=5095\">Czytaj dalej <span class=\"meta-nav\">&rarr;<\/span><\/a><\/p>\n","protected":false},"author":2,"featured_media":0,"parent":0,"menu_order":0,"comment_status":"open","ping_status":"open","template":"","meta":{"ngg_post_thumbnail":0,"_mc_calendar":[],"footnotes":""},"class_list":["post-5095","page","type-page","status-publish","hentry"],"_links":{"self":[{"href":"https:\/\/rudolf.net.pl\/kat\/index.php?rest_route=\/wp\/v2\/pages\/5095","targetHints":{"allow":["GET"]}}],"collection":[{"href":"https:\/\/rudolf.net.pl\/kat\/index.php?rest_route=\/wp\/v2\/pages"}],"about":[{"href":"https:\/\/rudolf.net.pl\/kat\/index.php?rest_route=\/wp\/v2\/types\/page"}],"author":[{"embeddable":true,"href":"https:\/\/rudolf.net.pl\/kat\/index.php?rest_route=\/wp\/v2\/users\/2"}],"replies":[{"embeddable":true,"href":"https:\/\/rudolf.net.pl\/kat\/index.php?rest_route=%2Fwp%2Fv2%2Fcomments&post=5095"}],"version-history":[{"count":17,"href":"https:\/\/rudolf.net.pl\/kat\/index.php?rest_route=\/wp\/v2\/pages\/5095\/revisions"}],"predecessor-version":[{"id":5657,"href":"https:\/\/rudolf.net.pl\/kat\/index.php?rest_route=\/wp\/v2\/pages\/5095\/revisions\/5657"}],"wp:attachment":[{"href":"https:\/\/rudolf.net.pl\/kat\/index.php?rest_route=%2Fwp%2Fv2%2Fmedia&parent=5095"}],"curies":[{"name":"wp","href":"https:\/\/api.w.org\/{rel}","templated":true}]}}